0
Let i(r) = r**3 - 5*r**2 - 8*r + 2. Let p = -41 + 47. Give i(p).
-10
Let y(s) = s + 3. Let w be 2 + (-2 - (-1 - -1)). Determine y(w).
3
Suppose -2*x + 5*x = 6. Let l(v) = -5*v**2 + v**2 - x + 3. Determine l(-1).
-3
Let w(k) be the third derivative of k**4/8 + k**3/3 + 2*k**2. Calculate w(-2).
-4
Let q(i) = 3*i**2 + 0*i**2 + 2*i**2 + 3*i**2 + 1 - 2*i. Give q(1).
7
Let f be 1 - (-2 + 2) - 4. Let w(n) = n**2 + 4*n. Calculate w(f).
-3
Let n(v) = -10*v - 10. Let o(g) = -3*g - 3. Let z(x) = -2*n(x) + 7*o(x). What is z(6)?
-7
Let f(p) be the third derivative of -p**5/30 + p**4/6 - p**3/2 + p**2. Suppose 5*a = -4*y - 30, 3*a - y - y = -18. Let x be (a/18)/(2/(-12)). What is f(x)?
-3
Let f(h) = 8*h - 5*h - 7*h + 18*h**2 - 19*h**2. Let c be (-2)/(-4) - (-18)/(-4). Determine f(c).
0
Let g(h) be the third derivative of -h**5/60 + 5*h**4/12 - 5*h**3/3 + 4*h**2. What is g(8)?
6
Suppose -27 - 43 = -10*a. Let k(y) = y + 7. Calculate k(a).
14
Let s(q) = 6*q - 5. Let j(d) = 5*d - 4. Let r be 42/8 - 5/20. Let h(p) = r*j(p) - 4*s(p). Calculate h(-3).
-3
Let c = 7 + -10. Let d(y) = 4*y - 8. Let m(b) = b - 1. Let p(k) = d(k) - 5*m(k). Let o(u) = -2*u - 5. Let r(t) = -5*o(t) + 7*p(t). What is r(c)?
-5
Let v(s) = s + 7. Let l be v(-5). Let m(b) = 11*b**3 - 3*b**2 - 3*b**l - 12*b**3 + 1. What is m(-6)?
1
Let s(d) = 4*d**3 - 3*d**2 + 8*d + 2. Let i(h) = -5*h**3 + 3*h**2 - 9*h - 2. Let o(f) = 5*i(f) + 6*s(f). Give o(-3).
-7
Suppose 0 = -3*c - 18 + 33. Let m(x) = x**2 - 3*x - 4. Determine m(c).
6
Let l(v) be the third derivative of -v**4/24 + 3*v**2. Give l(6).
-6
Let a(j) = -j**2 + 4*j + 3. Let u be a(5). Let k be 3 + (1 + u - 1). Let d(y) = -k + 8*y**2 + 4*y - 7*y**2 + 0. What is d(-5)?
4
Let c(l) = l**2 - 2*l + 1. Let t = -15 + 18. Let x = -2 + t. Give c(x).
0
Let i(d) = 3*d**3 + 8*d**2 + 11. Let v(r) = 9*r**2 + 2 + 0*r + 4*r**3 + 10 - r. Let z(b) = 5*i(b) - 4*v(b). Suppose 0*o = -4*o + 20. What is z(o)?
2
Let m(u) = -u - 1. Let q be 15*(-3)/27*-3. Give m(q).
-6
Let a = -4 + 2. Let j = a + 4. Let l(b) = -5*b**3 - 4*b + j*b**2 + 2*b + 6*b**3 - 3. Determine l(-2).
1
Let h(c) = -c - 1. Let a(d) = -1. Let r(n) = n - 2. Let b(s) = 2*a(s) - r(s). Let x(q) = 4*b(q) + h(q). Determine x(1).
-6
Let k(w) = -w + 5. Let f(r) = r - 6. Let v be f(10). What is k(v)?
1
Let r(i) = -i**3 - 7*i**2 - 4*i + 3. Suppose t + 0*t = -6. Give r(t).
-9
Let o be (4 - -2)/(-1 - (-25)/10). Let z(u) be the third derivative of 1/24*u**o + 0*u + 0 + 1/2*u**3 - 2*u**2. Determine z(3).
6
Let r(h) = h**3 + h**2 + 2*h. Let w = -2 - 0. Give r(w).
-8
Let g(m) = 16*m**2 - 4*m + 3. Let x(k) = k - 1. Let u(n) = g(n) + 4*x(n). Determine u(1).
15
Let y(x) = -11*x + 14. Let m(b) = -b. Let j(v) = v + 7. Let h(z) = -j(z) - 6*m(z). Let p(c) = 13*h(c) + 6*y(c). What is p(5)?
-12
Let u(k) = -2*k - 5. Let c be u(0). Let z(b) = -b**3 - 4*b**2 + 7*b + 5. Give z(c).
-5
Let l(i) = -i**3 + 3*i**2 - 2*i + 2. Let c be l(2). Let t(v) be the third derivative of -v**6/60 + v**5/30 + v**4/24 + v**3/6 - 2*v**2. Give t(c).
-5
Let x(t) = -t. Let g(f) = 7*f + 3. Let p(z) = g(z) + 6*x(z). Determine p(3).
6
Suppose 4*r - o + 17 = 0, 4*o = 8*o - 20. Let c(q) = -6*q - 2. Determine c(r).
16
Let g(l) = 10*l - 2. Suppose 20*o - 4 = 18*o. Give g(o).
18
Let c(y) be the first derivative of y**3/3 + 2*y**2 - 8*y - 18. What is c(-6)?
4
Let p(s) = -s**2 - s + 1. Suppose 2*t = -3*r - 0 + 1, 5*r = t + 32. Let f = t + 3. Let j be (2/3)/(f/12). What is p(j)?
-1
Let p(z) = -9*z**2 - 12*z. Let a(i) = 8*i**2 + 13*i + 1. Let c(x) = 5*a(x) + 6*p(x). Let m(h) = 7*h**2 + 3*h - 2. Let w(t) = 2*c(t) + 5*m(t). Calculate w(-1).
6
Let z(m) = 5*m**3 - 4*m**2 - 11*m - 8. Let x(q) = -4*q**3 + 4*q**2 + 10*q + 7. Let n(p) = -6*x(p) - 5*z(p). Calculate n(-3).
4
Let x(y) be the third derivative of -y**6/120 - y**5/30 - y**4/24 - y**3/6 - 16*y**2. Calculate x(-2).
1
Suppose 2 + 1 = c. Suppose c*u - 1 = r + r, -4*u = -3*r. Let a(v) = -7*v**2 + 2*v - 5. Let k(g) = g**2 + 1. Let o(t) = -a(t) - 6*k(t). What is o(r)?
7
Let d = -5 - -5. Let q(v) = v**2 - 1. Determine q(d).
-1
Let f(u) be the third derivative of -11*u**5/60 - u**4/12 + u**3/6 - 6*u**2. Determine f(1).
-12
Let q(y) = -4*y + 3*y**2 - 1 - y**3 + y**2 + 0*y**2 + y**2. Let a be (21 - 0)*1/3. Let c = a + -4. Calculate q(c).
5
Let s(t) = -17*t + 2. Let f(l) = -6*l + 1. Let q(x) = -11*f(x) + 4*s(x). Determine q(-4).
5
Let t(l) = -l. Let u(d) = -5*d - 1. Let z(c) = -4*t(c) + u(c). Determine z(1).
-2
Let i = -5 + 12. Let s = 12 - i. Let f(b) be the first derivative of b**2/2 - 2*b + 2. Give f(s).
3
Suppose -b + 0*k + 6 = -k, 3*k = 0. Suppose 0 = -0*o + 3*o - b. Let c(v) = 2*v**2 + 4*v - 3. Give c(o).
13
Let j(k) be the first derivative of -4/3*k**3 + 1 + 2*k**2 - 2*k + 1/4*k**4. Suppose 10 = -13*n + 18*n. What is j(n)?
-2
Let z(q) = q**2 - 2*q. Let t(r) = r**3 - 12*r**2 + 10*r + 10. Let v be t(11). Suppose 3*h + 5*f - 37 = 0, 7 = -0*h + 3*h - f. Let d = v + h. Calculate z(d).
3
Suppose 5*h + 7*c = 2*c + 5, 5 = h + 5*c. Let w be (-1 - (h - -1)) + 3. Let d(t) = -t**3 + 0 + t + 0*t**3 + t**2 - 1. Give d(w).
0
Let w(g) be the second derivative of g**5/120 + g**4/12 + g**3/3 + 3*g. Let q(j) be the second derivative of w(j). Give q(-3).
-1
Let p(v) = 8*v**2 + 2*v + 1. Let u = -22 + 4. Let l be (1/3)/(6/u). Determine p(l).
7
Suppose 3*x = 4*t - 0 - 2, -x = -3*t - 1. Let n(h) = -6*h - 1. Let d be n(t). Let v(o) = -o**2 + 3*o + 7. What is v(d)?
-3
Let k(z) = -z + 5. Let w(f) = 2*f - 15. Let u(y) = 11*k(y) + 4*w(y). Let a(p) = p + 2. Let r(m) = 8*a(m) + 3*u(m). Give r(1).
0
Let r(u) = u**3 - u**2 + 2. Suppose 4 = 2*h - 0*h. Let b(c) = c**3 - 2*c**2 - c. Let f be b(h). Let q be ((0/3)/f)/(-1). What is r(q)?
2
Suppose -3*t = -4*t - 3. Suppose -2*x = -2*y, 4*x + 7*y = 2*y + 9. Let c(g) = 0*g + g**2 + 2*g - 1 - x. Determine c(t).
1
Let s = 8 - 11. Let x(a) be the first derivative of a**5/120 + a**4/6 - a**3/3 + 3. Let c(j) be the third derivative of x(j). Calculate c(s).
1
Let b(z) = -4*z + 5*z - 2*z + 3 - 1. Calculate b(-6).
8
Let q(b) be the first derivative of -10*b**2 - 3*b - 3. Let r(p) = 7*p + 1. Let s(c) = -4*q(c) - 11*r(c). Suppose 0 = 2*v - 6*v + 4. Determine s(v).
4
Let p be (-8)/28 - 60/(-14). Let y(b) = -b - 3 - 2 + 3 + p. Determine y(5).
-3
Let f(i) be the first derivative of i**4/4 - 2*i**3 - i**2/2 + 6*i + 22. What is f(6)?
0
Let g(d) = d**2 - 5*d + 4. Let q be 250/60 - (-2)/(-12). What is g(q)?
0
Let m(f) = f - 11 + 11. Give m(0).
0
Let i be ((2 - 0)/(-2))/(-1). Let y(r) be the first derivative of r**4 - r**2 - 4*r**3 - i + r + 4*r**3. Give y(1).
3
Let p = -13/3 - -9/2. Let t(m) be the third derivative of 2*m**2 - 1/24*m**4 + 0 - p*m**3 + 0*m. Determine t(-5).
4
Let p(d) = d**2 - 6. Let o be p(-3). Suppose 0*i + 3*i = 0. Suppose o*u - 3 + i = 0. Let n(x) = 5*x. Calculate n(u).
5
Suppose -3*l = -3*a - 15, -5*a + l = 4*l + 9. Let q(c) be the third derivative of c**6/120 + c**5/30 - c**4/6 - c**3/2 - 2*c**2. Determine q(a).
0
Let v(a) be the second derivative of -a**3/3 - a**2/2 - 20*a. Calculate v(-1).
1
Let q(l) = -16*l**2 - l + 1. Let a be 4*(28/(-16) - -2). Calculate q(a).
-16
Let r = 4 - 1. Suppose r*g = -4*p + 38, p + 32 = 2*g + 5*p. Let h(c) = c**2 - 6*c + 2. Give h(g).
2
Let x(v) = -v - 2. Let d be 21/5 + (-1)/5. Let o = 2 + d. Suppose -6 = 4*a - o*a. What is x(a)?
-5
Let j(i) = -i**2 - i - 1. Let z(v) = 5*v**2 + 12*v - 5. Let x(q) = -4*j(q) - z(q). Give x(-8).
9
Let v = -2 - -7/3. Let q(x) be the third derivative of 0*x + 2*x**2 + 1/24*x**4 + v*x**3 + 0. What is q(-1)?
1
Let p(c) be the third derivative of -c**4/24 - 2*c**2. Determine p(4).
-4
Let t(i) be the second derivative of -5/6*i**3 + 1/2*i**2 + 0 + 1/12*i**4 + 2*i. Give t(5).
1
Let r(o) be the second derivative of -o**5/20 + o**4/12 + o**3/6 + o**2/2 - 8*o. Let n(i) = -4*i**3 + 7*i**2 + 8. Let y(g) = n(g) - 5*r(g). What is y(-4)?
-9
Let c = -2 - -5. Suppose c*w = 2*k - 15 + 4, w - k = -5. Let q(z) = 6*z**2 - 2*z - 1. What is q(w)?
7
Let q = -2 - -2. Let t(v) = -2*v - 7*v - 6 - v + 11*v. Calculate t(q).
-6
Let p(k) = -k**2 - 9*k - 1. Let c be 1*-5*(-120)/(-75). Calculate p(c).
7
Let j(v) = -2*v - 1. Let z(o) = -o + 1. Suppose -5*h + 3 = -2*i, -5*i = -i + 2*h - 6. Let l(b) = i*j(b) - 3*z(b). Determine l(5).
1
Let b(r) = -r**2 + 6*r - 4. Suppose 6 = 4